{"id":4697,"date":"2024-07-06T03:13:17","date_gmt":"2024-07-06T03:13:17","guid":{"rendered":"https:\/\/corsaire-auto35.com\/?post_type=product&#038;p=4697"},"modified":"2024-07-06T03:13:17","modified_gmt":"2024-07-06T03:13:17","slug":"mercedes-benz-a180-amg-edicao-noturna","status":"publish","type":"product","link":"https:\/\/corsaire-auto35.com\/auto\/produto\/mercedes-benz-a180-amg-edicao-noturna\/","title":{"rendered":"Mercedes-Benz A180 AMG Edi\u00e7\u00e3o Noturna"},"content":{"rendered":"<p>principais caracter\u00edsticas<br \/>\nColocar em circula\u00e7\u00e3o: 2016<br \/>\n\u2705 Quilometragem: 109.000 km (certificado)<br \/>\n\u2705Energia: Diesel<br \/>\n\u2705Caixa de velocidades: Autom\u00e1tica<br \/>\n\u2705Pot\u00eancia: 184 HP<br \/>\n\u2705Volume do cilindro: 1,6 litros<br \/>\n\u2705Transmiss\u00e3o: Tra\u00e7\u00e3o tinha<\/p>","protected":false},"excerpt":{"rendered":"<p>principais caracter\u00edsticas Colocar em circula\u00e7\u00e3o: 2016 \u2705 Quilometragem: 109.000 km (certificado) \u2705Energia: Diesel \u2705Caixa de velocidades: Autom\u00e1tica \u2705Pot\u00eancia: 184 HP \u2705Volume do cilindro: 1,6 litros \u2705Transmiss\u00e3o: Tra\u00e7\u00e3o tinha<\/p>","protected":false},"featured_media":4698,"comment_status":"open","ping_status":"closed","template":"","meta":[],"product_brand":[],"product_cat":[63],"product_tag":[],"class_list":{"0":"post-4697","1":"product","2":"type-product","3":"status-publish","4":"has-post-thumbnail","6":"product_cat-mercedes-benz","8":"first","9":"instock","10":"shipping-taxable","11":"purchasable","12":"product-type-simple"},"_links":{"self":[{"href":"https:\/\/corsaire-auto35.com\/auto\/wp-json\/wp\/v2\/product\/4697","targetHints":{"allow":["GET"]}}],"collection":[{"href":"https:\/\/corsaire-auto35.com\/auto\/wp-json\/wp\/v2\/product"}],"about":[{"href":"https:\/\/corsaire-auto35.com\/auto\/wp-json\/wp\/v2\/types\/product"}],"replies":[{"embeddable":true,"href":"https:\/\/corsaire-auto35.com\/auto\/wp-json\/wp\/v2\/comments?post=4697"}],"wp:featuredmedia":[{"embeddable":true,"href":"https:\/\/corsaire-auto35.com\/auto\/wp-json\/wp\/v2\/media\/4698"}],"wp:attachment":[{"href":"https:\/\/corsaire-auto35.com\/auto\/wp-json\/wp\/v2\/media?parent=4697"}],"wp:term":[{"taxonomy":"product_brand","embeddable":true,"href":"https:\/\/corsaire-auto35.com\/auto\/wp-json\/wp\/v2\/product_brand?post=4697"},{"taxonomy":"product_cat","embeddable":true,"href":"https:\/\/corsaire-auto35.com\/auto\/wp-json\/wp\/v2\/product_cat?post=4697"},{"taxonomy":"product_tag","embeddable":true,"href":"https:\/\/corsaire-auto35.com\/auto\/wp-json\/wp\/v2\/product_tag?post=4697"}],"curies":[{"name":"wp","href":"https:\/\/api.w.org\/{rel}","templated":true}]}}