{"id":4497,"date":"2024-07-05T15:08:48","date_gmt":"2024-07-05T15:08:48","guid":{"rendered":"https:\/\/corsaire-auto35.com\/?post_type=product&#038;p=4497"},"modified":"2024-07-05T15:08:48","modified_gmt":"2024-07-05T15:08:48","slug":"gama-land-rover-rover-evoque-2-0-d200-mhev-se","status":"publish","type":"product","link":"https:\/\/corsaire-auto35.com\/auto\/produto\/gama-land-rover-rover-evoque-2-0-d200-mhev-se\/","title":{"rendered":"Gama Land Rover Rover Evoque 2.0 D200 mHEV SE"},"content":{"rendered":"<p>Principais caracter\u00edsticas :<br \/>\n&#8211; Ano do modelo: 04\/2023<br \/>\n&#8211; Quilometragem: 13.275 km<br \/>\n&#8211; Caixa de velocidades: Autom\u00e1tica<br \/>\n&#8211; Motor: Diesel<br \/>\n&#8211; N\u00ba de vagas: 5 vagas<br \/>\n&#8211; Pot\u00eancia: 204 CV<br \/>\n&#8211; Deslocamento: 2 litros<br \/>\n&#8211; Transmiss\u00e3o: Tra\u00e7\u00e3o \u00e0s quatro rodas<\/p>","protected":false},"excerpt":{"rendered":"<p>Principais caracter\u00edsticas : &#8211; Ano do modelo: 04\/2023 &#8211; Quilometragem: 13.275 km &#8211; Caixa de velocidades: Autom\u00e1tica &#8211; Motor: Diesel &#8211; N\u00ba de vagas: 5 vagas &#8211; Pot\u00eancia: 204 CV &#8211; Deslocamento: 2 litros &#8211; Transmiss\u00e3o: Tra\u00e7\u00e3o \u00e0s quatro rodas<\/p>","protected":false},"featured_media":4498,"comment_status":"open","ping_status":"closed","template":"","meta":[],"product_brand":[],"product_cat":[60],"product_tag":[],"class_list":{"0":"post-4497","1":"product","2":"type-product","3":"status-publish","4":"has-post-thumbnail","6":"product_cat-land-rover","8":"first","9":"instock","10":"shipping-taxable","11":"purchasable","12":"product-type-simple"},"_links":{"self":[{"href":"https:\/\/corsaire-auto35.com\/auto\/wp-json\/wp\/v2\/product\/4497","targetHints":{"allow":["GET"]}}],"collection":[{"href":"https:\/\/corsaire-auto35.com\/auto\/wp-json\/wp\/v2\/product"}],"about":[{"href":"https:\/\/corsaire-auto35.com\/auto\/wp-json\/wp\/v2\/types\/product"}],"replies":[{"embeddable":true,"href":"https:\/\/corsaire-auto35.com\/auto\/wp-json\/wp\/v2\/comments?post=4497"}],"wp:featuredmedia":[{"embeddable":true,"href":"https:\/\/corsaire-auto35.com\/auto\/wp-json\/wp\/v2\/media\/4498"}],"wp:attachment":[{"href":"https:\/\/corsaire-auto35.com\/auto\/wp-json\/wp\/v2\/media?parent=4497"}],"wp:term":[{"taxonomy":"product_brand","embeddable":true,"href":"https:\/\/corsaire-auto35.com\/auto\/wp-json\/wp\/v2\/product_brand?post=4497"},{"taxonomy":"product_cat","embeddable":true,"href":"https:\/\/corsaire-auto35.com\/auto\/wp-json\/wp\/v2\/product_cat?post=4497"},{"taxonomy":"product_tag","embeddable":true,"href":"https:\/\/corsaire-auto35.com\/auto\/wp-json\/wp\/v2\/product_tag?post=4497"}],"curies":[{"name":"wp","href":"https:\/\/api.w.org\/{rel}","templated":true}]}}