{"id":4468,"date":"2024-07-05T13:55:31","date_gmt":"2024-07-05T13:55:31","guid":{"rendered":"https:\/\/corsaire-auto35.com\/?post_type=product&#038;p=4468"},"modified":"2024-07-05T13:55:31","modified_gmt":"2024-07-05T13:55:31","slug":"porsche-911-type-996-3-6-turbo-450ch-tiptronic-s-x50","status":"publish","type":"product","link":"https:\/\/corsaire-auto35.com\/auto\/produto\/porsche-911-type-996-3-6-turbo-450ch-tiptronic-s-x50\/","title":{"rendered":"Porsche 911 type 996 3.6 Turbo 450ch Tiptronic S X50."},"content":{"rendered":"<p>De 10\/2002 &#8211; 131.000kms.<\/p>\n<p>Bleu Nachtblau \/ Sellerie cuir bleu<\/p>\n<p>Si\u00e8ges \u00e9lectriques (\u00e0 m\u00e9moire pour le conducteur) \/ Si\u00e8ges avant chauffants \/ \u00c9cran tactile GPS &#8211; Bluetooth \/ Phares X\u00e9non \/ Tableau de bord cuir \/ Jantes 18\u2019\u2019 \/ \u00c9triers de freins rouges \/ Pavillon Alcantara\u2026<\/p>","protected":false},"excerpt":{"rendered":"<p>De 10\/2002 &#8211; 131.000kms. Bleu Nachtblau \/ Sellerie cuir bleu Si\u00e8ges \u00e9lectriques (\u00e0 m\u00e9moire pour le conducteur) \/ Si\u00e8ges avant chauffants \/ \u00c9cran tactile GPS &#8211; Bluetooth \/ Phares X\u00e9non \/ Tableau de bord cuir \/ Jantes 18\u2019\u2019 \/ \u00c9triers de freins rouges \/ Pavillon Alcantara\u2026<\/p>","protected":false},"featured_media":4469,"comment_status":"open","ping_status":"closed","template":"","meta":[],"product_brand":[],"product_cat":[69],"product_tag":[],"class_list":{"0":"post-4468","1":"product","2":"type-product","3":"status-publish","4":"has-post-thumbnail","6":"product_cat-porsche","8":"first","9":"instock","10":"shipping-taxable","11":"purchasable","12":"product-type-simple"},"_links":{"self":[{"href":"https:\/\/corsaire-auto35.com\/auto\/wp-json\/wp\/v2\/product\/4468","targetHints":{"allow":["GET"]}}],"collection":[{"href":"https:\/\/corsaire-auto35.com\/auto\/wp-json\/wp\/v2\/product"}],"about":[{"href":"https:\/\/corsaire-auto35.com\/auto\/wp-json\/wp\/v2\/types\/product"}],"replies":[{"embeddable":true,"href":"https:\/\/corsaire-auto35.com\/auto\/wp-json\/wp\/v2\/comments?post=4468"}],"wp:featuredmedia":[{"embeddable":true,"href":"https:\/\/corsaire-auto35.com\/auto\/wp-json\/wp\/v2\/media\/4469"}],"wp:attachment":[{"href":"https:\/\/corsaire-auto35.com\/auto\/wp-json\/wp\/v2\/media?parent=4468"}],"wp:term":[{"taxonomy":"product_brand","embeddable":true,"href":"https:\/\/corsaire-auto35.com\/auto\/wp-json\/wp\/v2\/product_brand?post=4468"},{"taxonomy":"product_cat","embeddable":true,"href":"https:\/\/corsaire-auto35.com\/auto\/wp-json\/wp\/v2\/product_cat?post=4468"},{"taxonomy":"product_tag","embeddable":true,"href":"https:\/\/corsaire-auto35.com\/auto\/wp-json\/wp\/v2\/product_tag?post=4468"}],"curies":[{"name":"wp","href":"https:\/\/api.w.org\/{rel}","templated":true}]}}