{"id":4144,"date":"2024-07-04T16:51:09","date_gmt":"2024-07-04T16:51:09","guid":{"rendered":"https:\/\/corsaire-auto35.com\/?post_type=product&#038;p=4144"},"modified":"2024-07-04T16:51:09","modified_gmt":"2024-07-04T16:51:09","slug":"mercedes-benz-classe-c-350e-avantgarde-navi-ihc-dynamic-led-suspensao-pneumatica","status":"publish","type":"product","link":"https:\/\/corsaire-auto35.com\/auto\/produto\/mercedes-benz-classe-c-350e-avantgarde-navi-ihc-dynamic-led-suspensao-pneumatica\/","title":{"rendered":"Mercedes-Benz Classe C 350e\/Avantgarde\/Navi\/IHC\/Dynamic LED\/Suspens\u00e3o pneum\u00e1tica+++"},"content":{"rendered":"<p>Principais caracter\u00edsticas :<\/p>\n<p>&#8211; Ano do modelo: 2016<br \/>\n&#8211; Quilometragem: 110.285 km<br \/>\n&#8211; Caixa de velocidades autom\u00e1tica<br \/>\n&#8211; Motoriza\u00e7\u00e3o: Eletricidade + Gasolina<br \/>\n&#8211; N\u00ba de vagas: 5 vagas<br \/>\n&#8211; Pot\u00eancia: 279 CV<br \/>\n&#8211; Deslocamento: 2 litros<\/p>","protected":false},"excerpt":{"rendered":"<p>Principais caracter\u00edsticas : &#8211; Ano do modelo: 2016 &#8211; Quilometragem: 110.285 km &#8211; Caixa de velocidades autom\u00e1tica &#8211; Motoriza\u00e7\u00e3o: Eletricidade + Gasolina &#8211; N\u00ba de vagas: 5 vagas &#8211; Pot\u00eancia: 279 CV &#8211; Deslocamento: 2 litros<\/p>","protected":false},"featured_media":4145,"comment_status":"open","ping_status":"closed","template":"","meta":[],"product_brand":[],"product_cat":[63],"product_tag":[],"class_list":{"0":"post-4144","1":"product","2":"type-product","3":"status-publish","4":"has-post-thumbnail","6":"product_cat-mercedes-benz","8":"first","9":"instock","10":"shipping-taxable","11":"purchasable","12":"product-type-simple"},"_links":{"self":[{"href":"https:\/\/corsaire-auto35.com\/auto\/wp-json\/wp\/v2\/product\/4144","targetHints":{"allow":["GET"]}}],"collection":[{"href":"https:\/\/corsaire-auto35.com\/auto\/wp-json\/wp\/v2\/product"}],"about":[{"href":"https:\/\/corsaire-auto35.com\/auto\/wp-json\/wp\/v2\/types\/product"}],"replies":[{"embeddable":true,"href":"https:\/\/corsaire-auto35.com\/auto\/wp-json\/wp\/v2\/comments?post=4144"}],"wp:featuredmedia":[{"embeddable":true,"href":"https:\/\/corsaire-auto35.com\/auto\/wp-json\/wp\/v2\/media\/4145"}],"wp:attachment":[{"href":"https:\/\/corsaire-auto35.com\/auto\/wp-json\/wp\/v2\/media?parent=4144"}],"wp:term":[{"taxonomy":"product_brand","embeddable":true,"href":"https:\/\/corsaire-auto35.com\/auto\/wp-json\/wp\/v2\/product_brand?post=4144"},{"taxonomy":"product_cat","embeddable":true,"href":"https:\/\/corsaire-auto35.com\/auto\/wp-json\/wp\/v2\/product_cat?post=4144"},{"taxonomy":"product_tag","embeddable":true,"href":"https:\/\/corsaire-auto35.com\/auto\/wp-json\/wp\/v2\/product_tag?post=4144"}],"curies":[{"name":"wp","href":"https:\/\/api.w.org\/{rel}","templated":true}]}}