{"id":3653,"date":"2024-07-03T18:14:59","date_gmt":"2024-07-03T18:14:59","guid":{"rendered":"https:\/\/corsaire-auto35.com\/?post_type=product&#038;p=3653"},"modified":"2024-07-03T18:14:59","modified_gmt":"2024-07-03T18:14:59","slug":"bmw-x5-3-0-das-xdrivepack-individual-ful","status":"publish","type":"product","link":"https:\/\/corsaire-auto35.com\/auto\/produto\/bmw-x5-3-0-das-xdrivepack-individual-ful\/","title":{"rendered":"BMW X5 3.0 dAS xDrivePack\/Individual\/Ful"},"content":{"rendered":"<p>128.000km avec carnet d&#8217;entretien compl\u00e9t\u00e9<\/p>\n<p>&#8211; Edition Sp\u00e9ciale Pack Individual<br \/>\n&#8211; Etat : Show-room<br \/>\n-Mod\u00e8le 2020\/ 1e immat.: 11\/2019<\/p>\n<p>&#8211; xDrive30dAS 4&#215;4<br \/>\n&#8211; Toit ouvrant panoramique<br \/>\n&#8211; Attelage Remorque amovible electrique<br \/>\n&#8211; Grand GPS-Professionnel 3D Virtual<br \/>\n&#8211; Apple CarPlay<br \/>\n&#8211; Android CarPlay<br \/>\n&#8211; Cam\u00e9ra de recul 360\u00b0<br \/>\n&#8211; Parking Automatique<br \/>\n&#8211; Cruise control avec fonction de freinage<br \/>\n&#8211; Cruise control adaptatif (adapte la vitesse en fonction du v\u00e9hicule qui vous pr\u00e9c\u00e8de)<br \/>\n-** Vehicule Conduit toutes Seul gr\u00e2ce Marquage au Sol Possible de l\u00e2cher totalement Volant ***<br \/>\n&#8211; Si\u00e8ges *SPORT-CONFORT *en cuir + chauffants + \u00e9lectriques avec M\u00e9moire<br \/>\n&#8211; Eclairage d&#8217;ambiance 64couleur<br \/>\n&#8211; BMW syst\u00e8me de stationnement automatique<br \/>\n&#8211; Boite Automatique \/ Steptronic + fonction SPORT + Auto-Hold<br \/>\n&#8211; Palettes de changement vitesses au volant<br \/>\n&#8211; Acc\u00e8s confort (Ouverture et d\u00e9marrage sans cl\u00e9)<br \/>\n&#8211; Volant multi-fonctionnes * Sport*+Chauffant<br \/>\n&#8211; Avertisseur d&#8217;angle mort<br \/>\n&#8211; Tableau de bord DIGITAL<br \/>\n&#8211; Avertisseur de sortie de voie<br \/>\n&#8211; Alerte de changement de voie<br \/>\n&#8211; &#8211; Driving Assistant Pack Professional<br \/>\n&#8211; Pare-soleil m\u00e9canique pour vitres des porti\u00e8res arri\u00e8re<br \/>\n&#8211; Tuner DAB<br \/>\n&#8211; Syst\u00e8me haut-parleurs HiFi<br \/>\n&#8211; BMW Teleservices<br \/>\n&#8211; Intelligent Emergency Cali &#8211; eCall<br \/>\n&#8211; Connected Drive Services<br \/>\n&#8211; Connected Package Professional<br \/>\n&#8211; T\u00e9l\u00e9phonie confort avec recharge sans fil<br \/>\n&#8211; BMW Gesture Control<br \/>\n&#8211; Pr\u00e9paration WiFi hotspot<br \/>\n&#8211; Phares LED adaptatifs (Directionnels)<br \/>\n&#8211; Chargeur \u00e0 induction BMW<br \/>\n&#8211; T\u00e9l\u00e9phonie confort avec connectivit\u00e9 smartphone \u00e9tendue (Bluetooth)<br \/>\n&#8211; D\u00e9tecteur de lumi\u00e8re et de pluie<br \/>\n&#8211; Phares automatiques BMW Dynamic Full LED<br \/>\n&#8211; R\u00e9troviseurs + anti-\u00e9blouissement<br \/>\n&#8211; Chauffage auxiliaire = d\u00e9marrage du chauffage \u00e0 une heure programm\u00e9e (sans d\u00e9marrer la voiture)<br \/>\n&#8211; Reconnaissance vocale<br \/>\n&#8211; Radio\/Bluetooth\/AUX\/USB<br \/>\n&#8211; Disque dur interne<br \/>\n&#8211; Climatisation automatique \u00e9lectronique 2zones<br \/>\n&#8211; Isofix (points d&#8217;ancrage des si\u00e8ges pour enfants)<br \/>\n&#8211; Banquette arri\u00e8re rabattable<br \/>\n&#8211; Travel &amp; Comfort System<br \/>\n&#8211; Parking Assistant Pack<br \/>\n&#8211; Heat Comfort Package \u00e0 l&#8217;avant<br \/>\n&#8211; Jantes 21p M Pack-M*<br \/>\n&#8212; ***4 Nouveaux pneus 21\/P ***<br \/>\n&#8211; Hayon arri\u00e8re : Ouverture automatique (t\u00e9l\u00e9commande) \/ Fermeture (bouton de fermeture)<\/p>\n<p>&#8211; X5 xDrive30dAS \/ Diesel \/ 2993cc \/ 195KW \/ 265CH<br \/>\n-EURO 6b\/ CO2=162g<\/p>","protected":false},"excerpt":{"rendered":"<p>128.000km avec carnet d&#8217;entretien compl\u00e9t\u00e9 &#8211; Edition Sp\u00e9ciale Pack Individual &#8211; Etat : Show-room -Mod\u00e8le 2020\/ 1e immat.: 11\/2019 &#8211; xDrive30dAS 4&#215;4 &#8211; Toit ouvrant panoramique &#8211; Attelage Remorque amovible electrique &#8211; Grand GPS-Professionnel 3D Virtual &#8211; Apple CarPlay &#8211; Android CarPlay &#8211; Cam\u00e9ra de recul 360\u00b0 &#8211; Parking Automatique &#8211; Cruise control avec fonction [&hellip;]<\/p>\n","protected":false},"featured_media":3654,"comment_status":"open","ping_status":"closed","template":"","meta":[],"product_brand":[],"product_cat":[41],"product_tag":[],"class_list":{"0":"post-3653","1":"product","2":"type-product","3":"status-publish","4":"has-post-thumbnail","6":"product_cat-bmw","8":"first","9":"instock","10":"shipping-taxable","11":"purchasable","12":"product-type-simple"},"_links":{"self":[{"href":"https:\/\/corsaire-auto35.com\/auto\/wp-json\/wp\/v2\/product\/3653","targetHints":{"allow":["GET"]}}],"collection":[{"href":"https:\/\/corsaire-auto35.com\/auto\/wp-json\/wp\/v2\/product"}],"about":[{"href":"https:\/\/corsaire-auto35.com\/auto\/wp-json\/wp\/v2\/types\/product"}],"replies":[{"embeddable":true,"href":"https:\/\/corsaire-auto35.com\/auto\/wp-json\/wp\/v2\/comments?post=3653"}],"wp:featuredmedia":[{"embeddable":true,"href":"https:\/\/corsaire-auto35.com\/auto\/wp-json\/wp\/v2\/media\/3654"}],"wp:attachment":[{"href":"https:\/\/corsaire-auto35.com\/auto\/wp-json\/wp\/v2\/media?parent=3653"}],"wp:term":[{"taxonomy":"product_brand","embeddable":true,"href":"https:\/\/corsaire-auto35.com\/auto\/wp-json\/wp\/v2\/product_brand?post=3653"},{"taxonomy":"product_cat","embeddable":true,"href":"https:\/\/corsaire-auto35.com\/auto\/wp-json\/wp\/v2\/product_cat?post=3653"},{"taxonomy":"product_tag","embeddable":true,"href":"https:\/\/corsaire-auto35.com\/auto\/wp-json\/wp\/v2\/product_tag?post=3653"}],"curies":[{"name":"wp","href":"https:\/\/api.w.org\/{rel}","templated":true}]}}