{"id":3557,"date":"2024-07-03T17:04:00","date_gmt":"2024-07-03T17:04:00","guid":{"rendered":"https:\/\/corsaire-auto35.com\/?post_type=product&#038;p=3557"},"modified":"2024-07-03T17:04:00","modified_gmt":"2024-07-03T17:04:00","slug":"audi-a6-concorrencia-3-0-326d-quattro","status":"publish","type":"product","link":"https:\/\/corsaire-auto35.com\/auto\/produto\/audi-a6-concorrencia-3-0-326d-quattro\/","title":{"rendered":"Audi A6 CONCORR\u00caNCIA 3.0-326D QUATTRO"},"content":{"rendered":"<p>Caracter\u00edsticas t\u00e9cnicas :<\/p>\n<p>Ano: 2017<br \/>\nQuilometragem: 147.000 km certificados<br \/>\nMotor diesel<br \/>\nPot\u00eancia: 326 cv<br \/>\nTransmiss\u00e3o autom\u00e1tica<br \/>\nDeslocamento: 3 litros<br \/>\nN\u00famero de portas: 5\/4<\/p>","protected":false},"excerpt":{"rendered":"<p>Caracter\u00edsticas t\u00e9cnicas : Ano: 2017 Quilometragem: 147.000 km certificados Motor diesel Pot\u00eancia: 326 cv Transmiss\u00e3o autom\u00e1tica Deslocamento: 3 litros N\u00famero de portas: 5\/4<\/p>","protected":false},"featured_media":3558,"comment_status":"open","ping_status":"closed","template":"","meta":[],"product_brand":[],"product_cat":[44],"product_tag":[],"class_list":{"0":"post-3557","1":"product","2":"type-product","3":"status-publish","4":"has-post-thumbnail","6":"product_cat-audi","8":"first","9":"instock","10":"shipping-taxable","11":"purchasable","12":"product-type-simple"},"_links":{"self":[{"href":"https:\/\/corsaire-auto35.com\/auto\/wp-json\/wp\/v2\/product\/3557","targetHints":{"allow":["GET"]}}],"collection":[{"href":"https:\/\/corsaire-auto35.com\/auto\/wp-json\/wp\/v2\/product"}],"about":[{"href":"https:\/\/corsaire-auto35.com\/auto\/wp-json\/wp\/v2\/types\/product"}],"replies":[{"embeddable":true,"href":"https:\/\/corsaire-auto35.com\/auto\/wp-json\/wp\/v2\/comments?post=3557"}],"wp:featuredmedia":[{"embeddable":true,"href":"https:\/\/corsaire-auto35.com\/auto\/wp-json\/wp\/v2\/media\/3558"}],"wp:attachment":[{"href":"https:\/\/corsaire-auto35.com\/auto\/wp-json\/wp\/v2\/media?parent=3557"}],"wp:term":[{"taxonomy":"product_brand","embeddable":true,"href":"https:\/\/corsaire-auto35.com\/auto\/wp-json\/wp\/v2\/product_brand?post=3557"},{"taxonomy":"product_cat","embeddable":true,"href":"https:\/\/corsaire-auto35.com\/auto\/wp-json\/wp\/v2\/product_cat?post=3557"},{"taxonomy":"product_tag","embeddable":true,"href":"https:\/\/corsaire-auto35.com\/auto\/wp-json\/wp\/v2\/product_tag?post=3557"}],"curies":[{"name":"wp","href":"https:\/\/api.w.org\/{rel}","templated":true}]}}