{"id":3459,"date":"2024-07-03T14:51:32","date_gmt":"2024-07-03T14:51:32","guid":{"rendered":"https:\/\/corsaire-auto35.com\/?post_type=product&#038;p=3459"},"modified":"2024-07-03T14:51:32","modified_gmt":"2024-07-03T14:51:32","slug":"lexus-ct200h-hybrid-sport-black-edition","status":"publish","type":"product","link":"https:\/\/corsaire-auto35.com\/auto\/produto\/lexus-ct200h-hybrid-sport-black-edition\/","title":{"rendered":"Lexus CT200h Hybrid Sport Black Edition"},"content":{"rendered":"<ol>\n<li>97.000 km avec carnet d&#8217;entretien compl\u00e9t\u00e9<\/li>\n<\/ol>\n<p>&#8211; Edition Sp\u00e9ciale Sport Black Edition<br \/>\n&#8211; Etat : Show-room<\/p>\n<p>&#8211; GPS 3D Navigation +Camera<br \/>\n&#8211; Boite Automatique<br \/>\n&#8211; Ouverture des portes et d\u00e9marrage de la voiture sans cl\u00e9 (Keyless)<br \/>\n&#8211; Volant SPORT multi-fonctionnes<br \/>\n&#8211; Cruise control<br \/>\n&#8211; D\u00e9tecteur de lumi\u00e8re et de pluie<br \/>\n&#8211; Phares automatiques LED<br \/>\n&#8211; R\u00e9troviseurs anti-\u00e9blouissement<br \/>\n&#8211; Mode de conduite :EV (\u00e9lectronique)<br \/>\n&#8211; Mode de conduite : Eco, Normale, SPORT<br \/>\n&#8211; Si\u00e8ges SPORT en Cuir<br \/>\n&#8211; Tableau de bord en Cuir<br \/>\n&#8211; Reconnaissance vocale<br \/>\n&#8211; Radio CD\/DVD\/MP3\/Bluetooth\/AUX\/USB<br \/>\n&#8211; Musique de haute qualit\u00e9 :<br \/>\n&#8211; Connexion Bluetooth<br \/>\n&#8211; Climatisation automatique \u00e9lectronique<br \/>\n&#8211; Isofix<br \/>\n&#8211; Banquette arri\u00e8re rabattable<br \/>\n&#8211; Radars de recul +CAMERA<br \/>\n&#8211; Non-fumeur<br \/>\n&#8211; Jantes 17 p NOIR Sport<br \/>\n-CT200h \/ 1798cc \/ 73KW \/ 100CH<br \/>\n-Mod\u00e8le 2016\/ 1e immat.:10\/2015<br \/>\n-EURO 6b \/ CO2=88g- Moteur Hybride<\/p>","protected":false},"excerpt":{"rendered":"<p>97.000 km avec carnet d&#8217;entretien compl\u00e9t\u00e9 &#8211; Edition Sp\u00e9ciale Sport Black Edition &#8211; Etat : Show-room &#8211; GPS 3D Navigation +Camera &#8211; Boite Automatique &#8211; Ouverture des portes et d\u00e9marrage de la voiture sans cl\u00e9 (Keyless) &#8211; Volant SPORT multi-fonctionnes &#8211; Cruise control &#8211; D\u00e9tecteur de lumi\u00e8re et de pluie &#8211; Phares automatiques LED &#8211; [&hellip;]<\/p>\n","protected":false},"featured_media":3460,"comment_status":"open","ping_status":"closed","template":"","meta":[],"product_brand":[],"product_cat":[61],"product_tag":[],"class_list":{"0":"post-3459","1":"product","2":"type-product","3":"status-publish","4":"has-post-thumbnail","6":"product_cat-lexus","8":"first","9":"instock","10":"shipping-taxable","11":"purchasable","12":"product-type-simple"},"_links":{"self":[{"href":"https:\/\/corsaire-auto35.com\/auto\/wp-json\/wp\/v2\/product\/3459","targetHints":{"allow":["GET"]}}],"collection":[{"href":"https:\/\/corsaire-auto35.com\/auto\/wp-json\/wp\/v2\/product"}],"about":[{"href":"https:\/\/corsaire-auto35.com\/auto\/wp-json\/wp\/v2\/types\/product"}],"replies":[{"embeddable":true,"href":"https:\/\/corsaire-auto35.com\/auto\/wp-json\/wp\/v2\/comments?post=3459"}],"wp:featuredmedia":[{"embeddable":true,"href":"https:\/\/corsaire-auto35.com\/auto\/wp-json\/wp\/v2\/media\/3460"}],"wp:attachment":[{"href":"https:\/\/corsaire-auto35.com\/auto\/wp-json\/wp\/v2\/media?parent=3459"}],"wp:term":[{"taxonomy":"product_brand","embeddable":true,"href":"https:\/\/corsaire-auto35.com\/auto\/wp-json\/wp\/v2\/product_brand?post=3459"},{"taxonomy":"product_cat","embeddable":true,"href":"https:\/\/corsaire-auto35.com\/auto\/wp-json\/wp\/v2\/product_cat?post=3459"},{"taxonomy":"product_tag","embeddable":true,"href":"https:\/\/corsaire-auto35.com\/auto\/wp-json\/wp\/v2\/product_tag?post=3459"}],"curies":[{"name":"wp","href":"https:\/\/api.w.org\/{rel}","templated":true}]}}