{"id":3365,"date":"2024-07-03T11:07:10","date_gmt":"2024-07-03T11:07:10","guid":{"rendered":"https:\/\/corsaire-auto35.com\/?post_type=product&#038;p=3365"},"modified":"2024-07-03T11:07:10","modified_gmt":"2024-07-03T11:07:10","slug":"mercedes-benz-c-43-amg-4-matic-v6-4x4-amg-2","status":"publish","type":"product","link":"https:\/\/corsaire-auto35.com\/auto\/produto\/mercedes-benz-c-43-amg-4-matic-v6-4x4-amg-2\/","title":{"rendered":"Mercedes-Benz C 43 AMG 4-Matic V6 4X4 \/\/\/AMG"},"content":{"rendered":"<blockquote><p>159.000km avec carnet d\\&#8217;entretien compl\u00e9t\u00e9- Edition Limit\u00e9e \/ C 43\/\/\/AMG- Etat : Show-room- BITURBO V6<br \/>\n&#8211; 4-Matic 4&#215;4<br \/>\n&#8211; Syst\u00e8me d&#8217;\u00e9chappement commutable AMG Performance<br \/>\n\u2022 * &#8211; Syst\u00e8me de freinage composite hautes performances \/\/\/AMG<br \/>\n&#8211; AMG Dynamic Select<br \/>\n&#8211; Fonction de d\u00e9marrage sans cle Keyless-Go<br \/>\n&#8211; Boite Automatique \/\/\/AMG \/ 9G-tronic<br \/>\n&#8211; Palettes de changement vitesses au volant<br \/>\n&#8211; *Parking Automatique avec assistance*<br \/>\n&#8211; Pack Nuit AMG Toit noir<br \/>\n&#8211; **Cruise control**<br \/>\n&#8211; Volant SPORT \/\/\/AMG &#8211; multi-fonctionnes<br \/>\n&#8211; Suspensions *SPORT<br \/>\n&#8211; D\u00e9tecteur de lumi\u00e8re et de pluie<br \/>\n&#8211; Capteur de FATIGUE<br \/>\n&#8211; D\u00e9tecteur de lumi\u00e8re et de pluie<br \/>\n&#8211; Phares automatiques<br \/>\n&#8211; Phares automatiques Full -LED<br \/>\n&#8211; R\u00e9troviseurs anti-\u00e9blouissement<br \/>\n&#8211; Si\u00e8ges \/\/\/AMG en cuir +Alcantara<br \/>\n&#8211; Reconnaissance vocale<br \/>\n&#8211; Ordinateur de bord Info \/\/\/AMG<br \/>\n&#8211; Radio CD\/DVD\/MP3\/Bluetooth\/AUX\/USB<br \/>\n&#8211; DVD Vid\u00e9o<br \/>\n&#8211; Connexion Bluetooth<br \/>\n&#8211; Climatisation automatique \u00e9lectronique<br \/>\n&#8211; Isofix (points d\\&#8217;ancrage des si\u00e8ges pour enfants)<br \/>\n&#8211; Banquette arri\u00e8re rabattable<br \/>\n&#8211; Vitres arri\u00e8res surteint\u00e9es<br \/>\n&#8211; Radars de recul \/ avant \/ lat\u00e9raux<br \/>\n&#8211; Jantes 19 p*SPORT\/\/\/AMG<br \/>\n&#8211; Indicateur de crevaison<br \/>\n-C43\/ V 6\/ Essence\/ 2996 cc \/ 270KW \/ 367CH<br \/>\n-Mod\u00e8le 2018\/ 1e immat.: 05\/2018<br \/>\n-EURO 6b<\/p><\/blockquote>","protected":false},"excerpt":{"rendered":"<p>159.000km avec carnet d\\&#8217;entretien compl\u00e9t\u00e9- Edition Limit\u00e9e \/ C 43\/\/\/AMG- Etat : Show-room- BITURBO V6 &#8211; 4-Matic 4&#215;4 &#8211; Syst\u00e8me d&#8217;\u00e9chappement commutable AMG Performance \u2022 * &#8211; Syst\u00e8me de freinage composite hautes performances \/\/\/AMG &#8211; AMG Dynamic Select &#8211; Fonction de d\u00e9marrage sans cle Keyless-Go &#8211; Boite Automatique \/\/\/AMG \/ 9G-tronic &#8211; Palettes de changement [&hellip;]<\/p>\n","protected":false},"featured_media":3366,"comment_status":"open","ping_status":"closed","template":"","meta":[],"product_brand":[],"product_cat":[63],"product_tag":[],"class_list":{"0":"post-3365","1":"product","2":"type-product","3":"status-publish","4":"has-post-thumbnail","6":"product_cat-mercedes-benz","8":"first","9":"instock","10":"shipping-taxable","11":"purchasable","12":"product-type-simple"},"_links":{"self":[{"href":"https:\/\/corsaire-auto35.com\/auto\/wp-json\/wp\/v2\/product\/3365","targetHints":{"allow":["GET"]}}],"collection":[{"href":"https:\/\/corsaire-auto35.com\/auto\/wp-json\/wp\/v2\/product"}],"about":[{"href":"https:\/\/corsaire-auto35.com\/auto\/wp-json\/wp\/v2\/types\/product"}],"replies":[{"embeddable":true,"href":"https:\/\/corsaire-auto35.com\/auto\/wp-json\/wp\/v2\/comments?post=3365"}],"wp:featuredmedia":[{"embeddable":true,"href":"https:\/\/corsaire-auto35.com\/auto\/wp-json\/wp\/v2\/media\/3366"}],"wp:attachment":[{"href":"https:\/\/corsaire-auto35.com\/auto\/wp-json\/wp\/v2\/media?parent=3365"}],"wp:term":[{"taxonomy":"product_brand","embeddable":true,"href":"https:\/\/corsaire-auto35.com\/auto\/wp-json\/wp\/v2\/product_brand?post=3365"},{"taxonomy":"product_cat","embeddable":true,"href":"https:\/\/corsaire-auto35.com\/auto\/wp-json\/wp\/v2\/product_cat?post=3365"},{"taxonomy":"product_tag","embeddable":true,"href":"https:\/\/corsaire-auto35.com\/auto\/wp-json\/wp\/v2\/product_tag?post=3365"}],"curies":[{"name":"wp","href":"https:\/\/api.w.org\/{rel}","templated":true}]}}