{"id":3115,"date":"2024-07-03T07:24:27","date_gmt":"2024-07-03T07:24:27","guid":{"rendered":"https:\/\/corsaire-auto35.com\/?post_type=product&#038;p=3115"},"modified":"2024-07-03T07:24:27","modified_gmt":"2024-07-03T07:24:27","slug":"dacia-duster-1-5-dci-prestige-full-option-gps","status":"publish","type":"product","link":"https:\/\/corsaire-auto35.com\/auto\/produto\/dacia-duster-1-5-dci-prestige-full-option-gps\/","title":{"rendered":"Dacia Duster 1.5 dCi Prestige Full Option\/GPS"},"content":{"rendered":"<p>77.000km\/Euro6<br \/>\n\u00b0\u00b0|| (pi\u00e8ces et main-d \u0153uvre) ||\u00b0\u00b0<br \/>\n&#8211; &#8211; 77.000km avec carnet d&#8217;entretien compl\u00e9t\u00e9<br \/>\n&#8211; Edition Sp\u00e9ciale * Prestige Pack Sport<br \/>\n&#8211; Etat : Show-room<br \/>\n&#8211; Audio system<br \/>\n&#8211; Navigation GPS- 3D touche tactile<br \/>\n&#8211; Volant multi-fonctionnes<br \/>\n&#8211; Si\u00e8ges *SPORT-<br \/>\n&#8211; T\u00e9l\u00e9phonie confort avec connectivit\u00e9 smartphone \u00e9tendue (Bluetooth)<br \/>\n&#8211; Park Distance Control avant et arri\u00e8re+ lat\u00e9raux+Camera 360\u00b0<br \/>\n&#8211; D\u00e9tecteur de lumi\u00e8re et de pluie<br \/>\n&#8211; Phares automatiques<br \/>\n&#8211; R\u00e9troviseurs + anti-\u00e9blouissement<br \/>\n&#8211; Reconnaissance vocale<br \/>\n&#8211; Radio Bluetooth\/AUX\/USB<br \/>\n&#8211; Climatisation automatique<br \/>\n&#8211; Isofix (points d&#8217;ancrage des si\u00e8ges pour enfants)<br \/>\n&#8211; Banquette arri\u00e8re rabattable<br \/>\n&#8211; Barre de toit dacia<br \/>\n&#8211; Non-fumeur<br \/>\n&#8211; Jantes 17p<br \/>\n-Duster 1.5d 4&#215;2 \/ Diesel \/ 1461cc \/66KW \/ 90CH<br \/>\n-Mod\u00e8le 2027\/ 1e immat.:05\/2016<br \/>\n-EURO 6b<\/p>","protected":false},"excerpt":{"rendered":"<p>77.000km\/Euro6 \u00b0\u00b0|| (pi\u00e8ces et main-d \u0153uvre) ||\u00b0\u00b0 &#8211; &#8211; 77.000km avec carnet d&#8217;entretien compl\u00e9t\u00e9 &#8211; Edition Sp\u00e9ciale * Prestige Pack Sport &#8211; Etat : Show-room &#8211; Audio system &#8211; Navigation GPS- 3D touche tactile &#8211; Volant multi-fonctionnes &#8211; Si\u00e8ges *SPORT- &#8211; T\u00e9l\u00e9phonie confort avec connectivit\u00e9 smartphone \u00e9tendue (Bluetooth) &#8211; Park Distance Control avant et arri\u00e8re+ [&hellip;]<\/p>\n","protected":false},"featured_media":3116,"comment_status":"open","ping_status":"closed","template":"","meta":[],"product_brand":[],"product_cat":[50],"product_tag":[],"class_list":{"0":"post-3115","1":"product","2":"type-product","3":"status-publish","4":"has-post-thumbnail","6":"product_cat-dacia","8":"first","9":"instock","10":"shipping-taxable","11":"purchasable","12":"product-type-simple"},"_links":{"self":[{"href":"https:\/\/corsaire-auto35.com\/auto\/wp-json\/wp\/v2\/product\/3115","targetHints":{"allow":["GET"]}}],"collection":[{"href":"https:\/\/corsaire-auto35.com\/auto\/wp-json\/wp\/v2\/product"}],"about":[{"href":"https:\/\/corsaire-auto35.com\/auto\/wp-json\/wp\/v2\/types\/product"}],"replies":[{"embeddable":true,"href":"https:\/\/corsaire-auto35.com\/auto\/wp-json\/wp\/v2\/comments?post=3115"}],"wp:featuredmedia":[{"embeddable":true,"href":"https:\/\/corsaire-auto35.com\/auto\/wp-json\/wp\/v2\/media\/3116"}],"wp:attachment":[{"href":"https:\/\/corsaire-auto35.com\/auto\/wp-json\/wp\/v2\/media?parent=3115"}],"wp:term":[{"taxonomy":"product_brand","embeddable":true,"href":"https:\/\/corsaire-auto35.com\/auto\/wp-json\/wp\/v2\/product_brand?post=3115"},{"taxonomy":"product_cat","embeddable":true,"href":"https:\/\/corsaire-auto35.com\/auto\/wp-json\/wp\/v2\/product_cat?post=3115"},{"taxonomy":"product_tag","embeddable":true,"href":"https:\/\/corsaire-auto35.com\/auto\/wp-json\/wp\/v2\/product_tag?post=3115"}],"curies":[{"name":"wp","href":"https:\/\/api.w.org\/{rel}","templated":true}]}}