{"id":2536,"date":"2024-07-02T12:25:04","date_gmt":"2024-07-02T12:25:04","guid":{"rendered":"https:\/\/corsaire-auto35.com\/?post_type=product&#038;p=2536"},"modified":"2024-07-02T12:25:04","modified_gmt":"2024-07-02T12:25:04","slug":"bmw-116da-pack-sport-bt-automatique-garantie-2ans%f0%9f%92%af-full-option","status":"publish","type":"product","link":"https:\/\/corsaire-auto35.com\/auto\/produto\/bmw-116da-pack-sport-bt-automatique-garantie-2ans%f0%9f%92%af-full-option\/","title":{"rendered":"BMW 116dA *Pack SPORT *Bt. automatique *GARANTIE 2ans\ud83d\udcaf \/Full Option"},"content":{"rendered":"<blockquote><p>36.000km<br \/>\n\u00b0\u00b0|| Garantie constructeur BMW Europ\u00e9enne 2 ans (pi\u00e8ces et main-d \u0153uvre) ||\u00b0\u00b0 *<br \/>\n&#8211; ( Retour Leasing BMW) &#8211; 36.000km avec carnet d&#8217;entretien compl\u00e9t\u00e9 chez BMW<br \/>\n&#8211; Edition Sp\u00e9ciale *Pack \/\/ SPORT<br \/>\n&#8211; Etat : Show-room<br \/>\n&#8211; Phares LED adaptatifs (Directionnels)<br \/>\n&#8211; Grand GPS-Professionnel 3D<br \/>\n&#8211; Duble Grand Ecran -Virtual Cockpit<br \/>\n&#8211; Boite Automatique \/ Steptronic + fonction SPORT + Auto-Hold<br \/>\n&#8211; Volant multi-fonctionnes * Sport<br \/>\n&#8211; Si\u00e8ges *SPORT-CONFORT *en cuir + chauffants + \u00e9lectriques<br \/>\n&#8211; Reconnaissance automatique des panneaux de signalisation<br \/>\n&#8211; Apple CarPlay- +Android Car Play<br \/>\n&#8211; Contacteur DYNAMIC SELECT -Suspensions r\u00e9glables : Confort, Individuel Eco, Normale, SPORT<br \/>\n&#8211; *Parking Automatique avec assistance*<br \/>\n&#8211; Radars de recul \/ avant \/ lat\u00e9raux<br \/>\n&#8211; Connexion Internet +WIFI avec Satellite+METEO +Actualite Live<br \/>\n+Ecran tactile<br \/>\n&#8211; Phares automatiques BMW LED<br \/>\n&#8211; Hotspot WiFI<br \/>\n&#8211; D\u00e9marrage sans cl\u00e9<br \/>\n&#8211; Avertisseur de sortie de voie<br \/>\n&#8211; Alerte de changement de voie<br \/>\n&#8211; T\u00e9l\u00e9phonie confort avec connectivit\u00e9 smartphone \u00e9tendue (Bluetooth)<br \/>\n&#8211; Driving Assistant<br \/>\n&#8211; D\u00e9tecteur de lumi\u00e8re et de pluie<br \/>\n&#8211; R\u00e9troviseurs + anti-\u00e9blouissement<br \/>\n&#8211; Reconnaissance vocale<br \/>\n&#8211; Radio \/Bluetooth\/AUX\/USB<br \/>\n&#8211; Disque dur interne<br \/>\n&#8211; Climatisation automatique \u00e9lectronique<br \/>\n&#8211; Isofix (points d&#8217;ancrage des si\u00e8ges pour enfants)<br \/>\n&#8211; Banquette arri\u00e8re rabattable<br \/>\n&#8211; Non-fumeur<br \/>\n&#8211; Jantes 18p Pack Sport<br \/>\n&#8211; 116d \/ Diesel \/ 1496cc \/ 85KW \/ 115CH<br \/>\n&#8211; EURO 6<br \/>\n&#8211; Mod\u00e8le 2024\/ 1e immat.:05\/2023<\/p><\/blockquote>","protected":false},"excerpt":{"rendered":"<p>36.000km \u00b0\u00b0|| Garantie constructeur BMW Europ\u00e9enne 2 ans (pi\u00e8ces et main-d \u0153uvre) ||\u00b0\u00b0 * &#8211; ( Retour Leasing BMW) &#8211; 36.000km avec carnet d&#8217;entretien compl\u00e9t\u00e9 chez BMW &#8211; Edition Sp\u00e9ciale *Pack \/\/ SPORT &#8211; Etat : Show-room &#8211; Phares LED adaptatifs (Directionnels) &#8211; Grand GPS-Professionnel 3D &#8211; Duble Grand Ecran -Virtual Cockpit &#8211; Boite Automatique [&hellip;]<\/p>\n","protected":false},"featured_media":2537,"comment_status":"open","ping_status":"closed","template":"","meta":[],"product_brand":[],"product_cat":[41],"product_tag":[],"class_list":{"0":"post-2536","1":"product","2":"type-product","3":"status-publish","4":"has-post-thumbnail","6":"product_cat-bmw","8":"first","9":"instock","10":"shipping-taxable","11":"purchasable","12":"product-type-simple"},"_links":{"self":[{"href":"https:\/\/corsaire-auto35.com\/auto\/wp-json\/wp\/v2\/product\/2536","targetHints":{"allow":["GET"]}}],"collection":[{"href":"https:\/\/corsaire-auto35.com\/auto\/wp-json\/wp\/v2\/product"}],"about":[{"href":"https:\/\/corsaire-auto35.com\/auto\/wp-json\/wp\/v2\/types\/product"}],"replies":[{"embeddable":true,"href":"https:\/\/corsaire-auto35.com\/auto\/wp-json\/wp\/v2\/comments?post=2536"}],"wp:featuredmedia":[{"embeddable":true,"href":"https:\/\/corsaire-auto35.com\/auto\/wp-json\/wp\/v2\/media\/2537"}],"wp:attachment":[{"href":"https:\/\/corsaire-auto35.com\/auto\/wp-json\/wp\/v2\/media?parent=2536"}],"wp:term":[{"taxonomy":"product_brand","embeddable":true,"href":"https:\/\/corsaire-auto35.com\/auto\/wp-json\/wp\/v2\/product_brand?post=2536"},{"taxonomy":"product_cat","embeddable":true,"href":"https:\/\/corsaire-auto35.com\/auto\/wp-json\/wp\/v2\/product_cat?post=2536"},{"taxonomy":"product_tag","embeddable":true,"href":"https:\/\/corsaire-auto35.com\/auto\/wp-json\/wp\/v2\/product_tag?post=2536"}],"curies":[{"name":"wp","href":"https:\/\/api.w.org\/{rel}","templated":true}]}}