{"id":2245,"date":"2024-06-30T00:02:15","date_gmt":"2024-06-30T00:02:15","guid":{"rendered":"https:\/\/corsaire-auto35.com\/?page_id=2245"},"modified":"2024-06-30T01:45:24","modified_gmt":"2024-06-30T01:45:24","slug":"panier","status":"publish","type":"page","link":"https:\/\/corsaire-auto35.com\/auto\/panier\/","title":{"rendered":"Panier"},"content":{"rendered":"<div data-elementor-type=\"wp-page\" data-elementor-id=\"2245\" class=\"elementor elementor-2245\" data-elementor-post-type=\"page\">\n\t\t\t\t<div class=\"elementor-element elementor-element-2640059 e-flex e-con-boxed e-con e-parent\" data-id=\"2640059\" data-element_type=\"container\" data-e-type=\"container\" data-settings=\"{&quot;ekit_has_onepagescroll_dot&quot;:&quot;yes&quot;}\">\n\t\t\t\t\t<div class=\"e-con-inner\">\n\t\t\t\t<div class=\"elementor-element elementor-element-4725c43 elementor-widget-divider--view-line elementor-widget elementor-widget-divider\" data-id=\"4725c43\" data-element_type=\"widget\" data-e-type=\"widget\" data-settings=\"{&quot;ekit_we_effect_on&quot;:&quot;none&quot;}\" data-widget_type=\"divider.default\">\n\t\t\t\t<div class=\"elementor-widget-container\">\n\t\t\t\t\t\t\t<div class=\"elementor-divider\">\n\t\t\t<span class=\"elementor-divider-separator\">\n\t\t\t\t\t\t<\/span>\n\t\t<\/div>\n\t\t\t\t\t\t<\/div>\n\t\t\t\t<\/div>\n\t\t\t\t\t<\/div>\n\t\t\t\t<\/div>\n\t\t<div class=\"elementor-element elementor-element-05636fc e-con-full e-flex e-con e-parent\" data-id=\"05636fc\" data-element_type=\"container\" data-e-type=\"container\" data-settings=\"{&quot;background_background&quot;:&quot;classic&quot;,&quot;ekit_has_onepagescroll_dot&quot;:&quot;yes&quot;}\">\n\t\t\t\t<\/div>\n\t\t\t\t<\/div>","protected":false},"excerpt":{"rendered":"<p>Remover este item Imagem em miniatura Produto Pre\u00e7o Quantidade Subtotal &times; Mercedes-Benz GLA 250\u00ba 16000,00&nbsp;&euro; Quantidade de Mercedes-Benz GLA 250\u00ba 16000,00&nbsp;&euro; Atualizar o carrinho Totais do carrinho Subtotal 16000,00&nbsp;&euro; Envio Normal ( 5 dias ): 500,00&nbsp;&euro; VIP ( 3 dias ): 1000,00&nbsp;&euro; As op\u00e7\u00f5es de envio ser\u00e3o actualizadas durante a finaliza\u00e7\u00e3o da compra. Calcular custos [&hellip;]<\/p>\n","protected":false},"author":1,"featured_media":0,"parent":0,"menu_order":0,"comment_status":"closed","ping_status":"closed","template":"elementor_header_footer","meta":{"footnotes":""},"class_list":["post-2245","page","type-page","status-publish","hentry"],"_hostinger_reach_plugin_has_subscription_block":false,"_hostinger_reach_plugin_is_elementor":false,"_links":{"self":[{"href":"https:\/\/corsaire-auto35.com\/auto\/wp-json\/wp\/v2\/pages\/2245","targetHints":{"allow":["GET"]}}],"collection":[{"href":"https:\/\/corsaire-auto35.com\/auto\/wp-json\/wp\/v2\/pages"}],"about":[{"href":"https:\/\/corsaire-auto35.com\/auto\/wp-json\/wp\/v2\/types\/page"}],"author":[{"embeddable":true,"href":"https:\/\/corsaire-auto35.com\/auto\/wp-json\/wp\/v2\/users\/1"}],"replies":[{"embeddable":true,"href":"https:\/\/corsaire-auto35.com\/auto\/wp-json\/wp\/v2\/comments?post=2245"}],"version-history":[{"count":28,"href":"https:\/\/corsaire-auto35.com\/auto\/wp-json\/wp\/v2\/pages\/2245\/revisions"}],"predecessor-version":[{"id":2290,"href":"https:\/\/corsaire-auto35.com\/auto\/wp-json\/wp\/v2\/pages\/2245\/revisions\/2290"}],"wp:attachment":[{"href":"https:\/\/corsaire-auto35.com\/auto\/wp-json\/wp\/v2\/media?parent=2245"}],"curies":[{"name":"wp","href":"https:\/\/api.w.org\/{rel}","templated":true}]}}